 common divisor of 224802 and 13662?
1242
What is the highest common divisor of 1340 and 812710?
670
What is the greatest common divisor of 20 and 194800?
20
Calculate the greatest common factor of 6144 and 888.
24
Calculate the greatest common divisor of 7379 and 157.
157
Calculate the greatest common factor of 4165 and 4655.
245
Calculate the greatest common factor of 9744 and 24766.
406
What is the greatest common divisor of 8722 and 38270?
178
Calculate the greatest common factor of 3 and 14376.
3
Calculate the highest common factor of 75000 and 56.
8
What is the greatest common divisor of 7 and 7934717?
7
What is the highest common divisor of 38194 and 338?
338
What is the highest common divisor of 361950 and 9120?
570
What is the greatest common factor of 7838417 and 3076?
769
What is the greatest common factor of 58028 and 14996?
652
Calculate the highest common divisor of 168 and 40110.
42
What is the highest common divisor of 31140 and 6280?
20
What is the greatest common factor of 15574 and 494?
26
Calculate the highest common factor of 15399 and 2349.
261
What is the greatest common divisor of 338 and 49920?
26
Calculate the greatest common divisor of 4416 and 1024.
64
Calculate the highest common factor of 68487 and 5439.
111
What is the highest common divisor of 2576 and 156814?
322
Calculate the greatest common factor of 137160 and 260.
20
Calculate the greatest common factor of 242 and 25.
1
What is the highest common factor of 224 and 12128?
32
What is the greatest common factor of 48 and 106548?
12
Calculate the greatest common factor of 39594 and 78.
6
Calculate the greatest common divisor of 3306 and 104994.
114
Calculate the greatest common factor of 290 and 405.
5
Calculate the greatest common factor of 1876 and 99092.
28
What is the highest common factor of 424018 and 2170?
434
Calculate the highest common divisor of 673600 and 421.
421
Calculate the greatest common factor of 1045 and 1919.
19
Calculate the greatest common factor of 4 and 613252.
4
What is the greatest common factor of 2430 and 86994?
486
What is the greatest common factor of 6937596 and 108?
108
Calculate the greatest common divisor of 672 and 4620.
84
What is the greatest common factor of 7301955 and 15?
15
Calculate the greatest common divisor of 31714 and 4082.
314
What is the greatest common factor of 1184 and 3896?
8
Calculate the greatest common divisor of 40757 and 121502.
769
What is the highest common divisor of 3 and 73050?
3
Calculate the greatest common factor of 65465 and 5.
5
What is the highest common divisor of 4607337 and 966?
483
Calculate the highest common factor of 12798 and 576.
18
Calculate the greatest common factor of 21604 and 66.
22
Calculate the highest common divisor of 604 and 217289.
151
Calculate the highest common divisor of 2534 and 1405103.
1267
Calculate the greatest common divisor of 85951 and 5957.
851
Calculate the greatest common factor of 14406 and 9786.
42
Calculate the highest common divisor of 822 and 8538.
6
Calculate the greatest common factor of 6261273 and 1161.
1161
Calculate the highest common divisor of 30 and 258390.
30
What is the highest common factor of 816 and 1736?
8
Calculate the highest common factor of 3721740 and 33.
33
Calculate the highest common factor of 374550 and 14755.
1135
What is the highest common divisor of 19341 and 15246?
63
What is the highest common divisor of 14307 and 60?
3
What is the greatest common factor of 7630 and 434?
14
What is the greatest common factor of 4588 and 645761?
1147
Calculate the greatest common factor of 1350 and 297.
27
Calculate the greatest common factor of 285375 and 150.
75
Calculate the greatest common factor of 73014 and 129.
129
What is the highest common divisor of 63 and 7175?
7
What is the greatest common factor of 442 and 205802?
34
What is the greatest common divisor of 3828916 and 14?
14
What is the highest common divisor of 106 and 4505?
53
Calculate the greatest common factor of 9612 and 5308227.
2403
What is the greatest common factor of 10800 and 21816?
216
What is the highest common factor of 18 and 74394?
18
Calculate the greatest common divisor of 1045 and 781451.
209
What is the highest common divisor of 35475 and 297?
33
What is the greatest common factor of 1485 and 6534?
297
What is the greatest common divisor of 18988 and 10908?
404
What is the highest common factor of 22650 and 38958?
906
Calculate the highest common factor of 204 and 7812.
12
What is the highest common divisor of 13 and 4153500?
13
What is the greatest common factor of 36 and 148383?
9
Calculate the greatest common divisor of 24 and 1746496.
8
What is the greatest common divisor of 2774 and 2628?
146
What is the highest common divisor of 236 and 708531?
59
Calculate the greatest common divisor of 93154 and 564.
94
What is the greatest common divisor of 11129 and 1795?
359
What is the greatest common factor of 156 and 809211?
39
What is the greatest common factor of 10332 and 3948?
84
Calculate the greatest common factor of 544 and 7633.
17
Calculate the greatest common divisor of 1152 and 648.
72
What is the greatest common divisor of 30 and 968420?
10
What is the highest common divisor of 231 and 2252943?
231
Calculate the highest common factor of 18 and 26210.
2
Calculate the highest common factor of 320459 and 23.
23
What is the greatest common divisor of 1330 and 315?
35
Calculate the highest common divisor of 5133 and 708.
177
Calculate the highest common factor of 3799 and 3509.
29
Calculate the highest common factor of 17193 and 6773.
521
What is the highest common factor of 1578 and 18?
6
What is the greatest common factor of 64829 and 538?
269
Calculate the greatest common factor of 42 and 3367203.
21
Calculate the greatest common divisor of 430070 and 10.
10
What is the highest common factor of 3 and 430134?
3
Calculate the highest common divisor of 11515 and 245.
245
What is the greatest common factor of 9683 and 69?
23
What is the greatest common divisor of 50915 and 765?
85
Calculate the greatest common divisor of 1014754 and 2418.
806
Calculate the greatest common divisor of 27 and 46278.
27
Calculate the greatest common divisor of 892 and 5416224.
892
What is the greatest common divisor of 198 and 315018?
198
Calculate the greatest common divisor of 418779 and 155.
31
What is the highest common factor of 209131 and 13?
13
What is the highest common factor of 3291 and 295093?
1097
Calculate the greatest common divisor of 777 and 609.
21
What is the highest common factor of 2552 and 89668?
116
Calculate the greatest common divisor of 63 and 80241.
21
Calculate the highest common divisor of 1015 and 1022.
7
Calculate the greatest common factor of 604 and 1644692.
604
What is the greatest common factor of 5 and 439265?
5
What is the highest common divisor of 1016582 and 14?
14
Calculate the greatest common divisor of 5577 and 78.
39
What is the greatest common factor of 17992 and 1222?
26
Calculate the greatest common divisor of 5235 and 240.
15
What is the greatest common divisor of 78 and 886418?
26
What is the highest common factor of 276 and 6670?
46
Calculate the greatest common factor of 1856 and 2528.
32
Calculate the greatest common factor of 40285 and 140.
35
Calculate the highest common factor of 2349 and 46251.
81
What is the highest common divisor of 51212 and 558?
62
Calculate the highest common factor of 3772 and 163139.
943
What is the greatest common factor of 8 and 300084?
4
What is the highest common divisor of 296615 and 110?
55
Calculate the greatest common factor of 32 and 14520.
8
Calculate the highest common divisor of 1318597 and 3164.
791
Calculate the highest common divisor of 320 and 182176.
32
Calculate the highest common factor of 770 and 2175250.
770
What is the highest common factor of 6705 and 675?
45
What is the greatest common factor of 646 and 3910?
34
Calculate the greatest common factor of 508773 and 6.
3
What is the highest common divisor of 600 and 21975?
75
What is the greatest common factor of 14888 and 32?
8
Calculate the greatest common divisor of 4476 and 132.
12
What is the greatest common factor of 373658 and 368?
46
Calculate the greatest common divisor of 194077 and 52.
13
What is the greatest commo